.
0
Let q(n) be the second derivative of n**4/12 + n**3/6 + 11*n**2 - 6*n. Calculate q(0).
22
Suppose 0*f - 9 = 3*f. Let d = 8 + f. Let x(z) = -7 - 5*z + 10*z - z**2 + 1. Determine x(d).
-6
Let k(b) = b**2 + 3*b + 1. Let o be k(-4). Let d(r) = -1 - 2*r**2 + 5 + o*r**2 - 3*r - 5*r**2. What is d(-3)?
-5
Suppose -2*t + 5*t + 12 = 0. Let r be (-22)/(-4) - 2/t. Let u(f) = 1 + r*f + f**2 - 2*f - 4 + 0*f. Calculate u(-4).
-3
Let d be (-20)/(-6) - (-2)/3. Let t(m) = 4*m**2 - 8*m + 4. Let x(v) = v**2 - v. Let c(p) = -t(p) + 2*x(p). Calculate c(d).
-12
Let m(d) = 4*d**2 + 4 + 5*d**2 - 10*d**2 - 2*d. Determine m(-4).
-4
Let a(j) = j**2 + 28*j - 14*j - 1 - 13*j + 6*j**3. Determine a(1).
7
Let r(q) = q - 3. Let g(m) be the first derivative of 1/4*m**4 + 7/3*m**3 - 1 + 4*m + 3*m**2. Let d be g(-6). Give r(d).
1
Let w be (-37)/(-13) + 4/26. Let r(h) = -10 - h**3 + 19 + 7*h**2 + 2*h**w + 7*h. Determine r(-6).
3
Let r(c) = c**3 - 6*c**2 - 6*c - 4. Let s(z) = 7*z**3 - z**2 + 2*z - 1. Let y be s(1). Calculate r(y).
3
Let c(i) = -i**2 - 2*i + 4. Let z be c(-3). Let g(l) = -z + 4 + 3 - 4*l - l**2 + 1. Calculate g(-6).
-5
Let p(o) = 29 + 5*o**2 - o - 28 - 4*o**2 + 8*o**2. What is p(1)?
9
Let r(o) = 11*o - 13. Let z(g) = -3*g + 3. Let l(q) = 2*r(q) + 9*z(q). Determine l(1).
-4
Suppose -4*n = 2*z - 5*z + 10, -2*n = z. Let p be 4*(6/(-4) + 1). Let h = z + p. Let w(r) = r**2 - r - 4. Give w(h).
-4
Suppose -20 = 5*j + 4*r, 7*j + 20 = 3*j - 4*r. Let k be (j - 6) + 4/2. Let p = -6 - k. Let y(t) = t**2 - 2*t - 2. What is y(p)?
6
Let l(y) = y - 3. Let s(j) = -2*j + 12. Let p be s(6). What is l(p)?
-3
Let y(h) = -h - 3. Let f = 58 + -61. Calculate y(f).
0
Let v(n) = n**3 - 12*n**2 - n + 13. Let i be v(12). Let y(j) be the second derivative of -3*j**5/10 - j**4/12 + j**3/3 - j**2/2 - j. Give y(i).
-6
Let h(t) = 4*t + t - 2*t + 3*t. Give h(1).
6
Let j = 0 - 3. Let q be (-11)/j - (-1)/3. Let g(r) = r - 3 + r**2 - 5*r - r. Calculate g(q).
-7
Let f(r) be the second derivative of r**4/24 + r**3/3 + r**2 - r. Let b(i) be the first derivative of f(i). Suppose -20 = -0*u - 4*u. Calculate b(u).
7
Let v be 3/6*2 - -2. Let k(i) be the first derivative of -3*i + i**3 + 0*i**2 - 1/4*i**4 - 1. Give k(v).
-3
Let s(d) = -d**3 + 14*d**2 - 12*d - 19. Let p be s(13). Let g(c) = -c**2 - 8*c - 3. What is g(p)?
9
Let m(p) = 3*p + 19 + 0*p - 25. Calculate m(4).
6
Let u(t) be the first derivative of 11*t**2/2 - 6*t + 2. Let l(q) = -5*q + 3. Suppose 4*g - 7*g = -12. Let b(w) = g*u(w) + 9*l(w). Give b(-3).
6
Let k(s) = -s**3 + 5*s**2 - 3*s - 1. Let a be k(3). Let c = -10 + a. Let r(j) = -j**3 + j**2 + 4*j + 3. Give r(c).
7
Let p(t) = -t**3 - 7*t**2 - 7*t - 2. Suppose -3*s - 9 - 9 = 0. Give p(s).
4
Let a(i) = -4*i**3 - i**3 + 6*i**3 - 10 + 6*i - 6*i**2 - 2*i**3. What is a(-7)?
-3
Suppose -4 = 2*j - 4*x, -3*j + 4*j + 14 = -2*x. Let b = -2 - j. Let u(m) = -m**3 + 5*m**2 + 6*m + 5. Determine u(b).
5
Suppose -2*q + 20 = 2*q. Let b(y) = 0 - 1 + 2 + 10 - y. Determine b(q).
6
Let o(n) = n**3 + 8*n**2 + n + 9. Let b be o(-8). Let m(g) = 1. Let c(s) = -2*s**2 - s - 2. Let i(w) = -c(w) - 2*m(w). Calculate i(b).
3
Let g(b) = b**2 + 6*b - 2. Let u be (1/(-2 - -3))/(4/(-20)). Determine g(u).
-7
Let a(h) = h**3 - 3*h**2 + 3*h - 2. Let q = -86 - -88. What is a(q)?
0
Let s = 3 + -2. Let x(t) be the third derivative of 0*t**3 + 0*t - 1/60*t**5 + 1/20*t**6 + 0 - 6*t**2 + 1/24*t**4. What is x(s)?
6
Let n(b) = b**2 - 5. Let h be (-4)/3*(-2 - 1). Suppose 4*q + 12 = -h. Give n(q).
11
Suppose 0 = m + 3*m - 8. Let d(c) = -1 - 2 + 2. Let q(k) = -k - 7. Let g(r) = m*d(r) + q(r). Determine g(-4).
-5
Suppose 2*j - 7 - 1 = 0. Let s(n) be the first derivative of n**4/4 - n**3 - 5*n**2/2 + 3*n - 3. Let g be s(j). Let f(t) = 3*t**3 - 2*t**2 - 2*t - 1. Give f(g).
-4
Let k be ((-4)/(20/(-15)) - -2) + -8. Let t(g) = -g**3 + 4*g**3 + 1 - g - 4*g**3 - 4*g**2. Determine t(k).
-5
Let g be 1 + 8/(-2 + 1). Let s(d) be the third derivative of d**4/24 + 11*d**3/6 - 11*d**2 + 2*d. Give s(g).
4
Let o(f) = f**3 - 1 - 2*f + 4 - 2*f**3 + 4*f**2 - 4. What is o(2)?
3
Let k(j) = j**2 - 12*j + 13. Let u(q) = 2*q**2 - 30*q + 32. Let v(b) = 12*k(b) - 5*u(b). Calculate v(-5).
16
Let k(w) = 4*w - 3*w + 17 - 6. Let u(o) = -o**2 + 2*o - 8. Let t be u(0). What is k(t)?
3
Let v be (-15)/(-3) - -2 - 3. Let t(p) = p - p + 0*p - v*p - 1. What is t(2)?
-9
Let z(y) = 7*y + 0*y - 1 - 6*y - 5. Let b(q) = q**2 - 4*q - 5. Let i be b(5). Calculate z(i).
-6
Let h(a) be the second derivative of -a**5/120 - a**4/12 - a**3/6 - a. Let d(m) be the second derivative of h(m). Calculate d(-2).
0
Suppose 4*t + 2 = -2. Let a(o) = 6*o**2 - o - 1. Determine a(t).
6
Let x(f) = -7 + f + 0 + 2 + 13. Calculate x(-6).
2
Let d(w) = -w**2 - w + 5. Let y = 18 + -3. Let q be (-20)/150 + (-58)/y. Determine d(q).
-7
Let k(u) be the second derivative of u**3/3 + 7*u**2/2 + 42*u. What is k(-7)?
-7
Let d(y) = -y - 4. Suppose -5*n + 61 = 5*s - n, 5*s - 33 = 3*n. What is d(s)?
-13
Let w(c) = -c**3 + c. Let l be w(2). Let h be 8/l*6/(-4). Suppose 2*v = v + h. Let n(k) = -k**2 - 3*k + 1. Determine n(v).
-9
Let l be 4 - (-3)/(3/1). Let y(h) = h**3 - 5*h**2 - 2*h - 2. Give y(l).
-12
Suppose 5*k - 12 + 32 = 5*r, -3*k = -4*r + 13. Let j(w) = -w**3 + 2*w**2 - 1. Give j(r).
0
Let d(f) = -4*f - 6. Let g(o) = 5*o + 6. Let h(l) = -4*d(l) - 3*g(l). Calculate h(6).
12
Let h(a) = a**3 - 6*a**2 + 5*a - 1. Suppose -6*f = -2*f - 5*s + 1, f + 4 = 5*s. Let l be (-3)/(9/(-2) + 4). Let n = l - f. Give h(n).
-1
Let z(x) = x**3 + 5*x**2 + 5*x + 2. Let n be z(-3). Let h be 2/n + 18/5. Suppose 0 = h*y - t - 11, y - 7*t = -3*t - 1. Let m(j) = j - 7. What is m(y)?
-4
Let l(k) be the third derivative of -k**6/120 + k**5/12 - k**4/6 + k**3 + 15*k**2. Calculate l(5).
-14
Suppose 15 = z + 11. Let a(y) = y**2 + 3*y - 6. Determine a(z).
22
Let v(a) = -a + 5. Let o be v(0). Let l(j) = o - 4 - 5 + j + 2*j. Suppose 4 = s + 1. What is l(s)?
5
Let y(k) = 15*k + 5. Suppose -3*f = -7*f + 8. Let q(v) = 3*v + 1. Let u(i) = f*y(i) - 11*q(i). Give u(-2).
5
Let i(t) = 7*t + 3. Let o(m) = 7*m**2 - 1. Let v be o(-1). Let a(l) = 20*l + 8. Let y(z) = v*a(z) - 17*i(z). What is y(5)?
2
Suppose -3*k + k = 6. Let g(y) be the second derivative of -1/6*y**3 + y - y**2 + 0. What is g(k)?
1
Let y(g) = -g**3 + 12*g**2 - g + 16. Let d be y(12). Let c(i) = -3*i + 5. Calculate c(d).
-7
Let a(j) = 14*j - 11. Let x(q) = -5*q + 4. Suppose -2*z + 5*p + 8 = 0, 5*z = p + 3*p + 20. Let k be 375/30 - 3/2. Let h(l) = k*x(l) + z*a(l). Give h(-2).
-2
Let b(p) = p. Let y = 31 + -28. Suppose 0*t - 2*t - 22 = -4*l, -4*l + 4*t + 28 = 0. Suppose -l*k + k = -y. Determine b(k).
1
Let m(q) = 2*q + 1. Let o(l) = l. Let u(y) = -6*m(y) + 13*o(y). Let j = -47 - -66. Suppose 2 = -p, 5*p = v + 2*v - j. Calculate u(v).
-3
Let v be 2/(-4)*14/(-7). Let p(y) = 4*y**3 - y**2 + 1 + 3*y**3 + 0*y**3 - 5*y**3. What is p(v)?
2
Let p be 1/6*(6 + 0). Let u(z) = 0*z - z + 0*z - p. Determine u(-5).
4
Let n(y) = -8*y + 1. Let b(c) = -c**3 - 6*c**2 + 6*c - 4. Let s be b(-7). Suppose 16 = -g + 2*q + q, 2*g = s*q - 17. Calculate n(g).
9
Let l(t) = -t - 8. Let w be l(-7). Let r = -3 + w. Let k(b) = -b**3 - 3*b**2 + 2*b - 5. Give k(r).
3
Let y = -17 - -12. Let g(l) = -15*l**3 - 36*l**2 + 2*l - 15. Let z(o) = -7*o**3 - 17*o**2 + o - 7. Let a(u) = -6*g(u) + 13*z(u). Give a(y).
-6
Let y(m) = 6*m + 2. Suppose 0 = 3*s - 2*x - 14, 5*s - 5 - 1 = -x. Determine y(s).
14
Let l(z) = -4 - 2*z**2 + z**2 + 11 + 3*z. Let a be 9*1 + -13 + 9. Determine l(a).
-3
Let q = -17 - -22. Let g(y) = -2*y + 1. Calculate g(q).
-9
Let j(u) be the second derivative of u**3/6 + 5*u**2/2 + 4*u. Calculate j(-5).
0
Suppose -h = -0*h + 8. Let n(s) = 2*s**2 + 5*s - 9. Let m(u) = 3*u**2 + 8*u - 14. Suppose -6 = -3*i + 9. Let f(t) = h*n(t) + i*m(t). What is f(2)?
-2
Let u(g) = -4*g**2 + 10*g - 1. Let v(h) = -7*h**2 + 20*h - 4. Let q(x) = 5*u(x) - 3*v(x). Give q(6).
-17
Let s(i) = i + 2. Let p be s(5). Let v(z) = p*z + 3 - 4 - 3*z. Calculate v(1).
3
Let w(m) = -3*m + 1. Let p(y) = -4*y. Let a(u) = -4*p(u) + 5*w(u). Let i(o) = -o**2 + 5*o - 4. Let h be i(3). Suppose 8 + 2 = -h*n. Calculate a(n).
0
Let t(o) = o**3 + 2*o**2 + o**2 - 2*o**2. Suppose 3 + 15 = 3*v. Suppose 5*z + v = 1. Determine t(z).
0
Let a(f) be the first derivative of -f*